+ -4 + -7) - 25
-2
Calculate (16 - (11 - 1)) + -21 + -24.
-39
Evaluate 1267 - 1271 - (-3 - (-3 - (-5 + -1) - 6)).
-4
What is the value of 64 + -50 + 0 + 0 + -1?
13
4 + (-34 - -36) + -15 + 64
55
105 - (48 - (15 - 71))
1
What is (-78413 - -78406) + 1 + -1 + 1 + (-7 - 1)?
-14
Calculate -34 - 50 - (-433 - -225).
124
Evaluate -35 - (18 + (-25 - (18 + 2))).
-8
Evaluate (107 - 63 - 85) + -62.
-103
8 - 11 - -14 - (-4 + (8 - (10 - -3)))
20
-23 + 68 + -22 - 20 - 84
-81
What is -11 + -30 + (-30 - -10) + 85?
24
Calculate -1 + 5 + (-26 - (-113 + 28)).
63
(-22 - (-24 + -1 + 9)) + -6 + -13 + 8
-17
What is the value of -17 + -4 + (33 - (2 + 12))?
-2
-28 - (55 + -75 + 36 + -1)
-43
Calculate -16 - (-16 + 1 + -6 + -4) - (32 - -2).
-25
(14 + -13 - -21) + -65 + 20
-23
Evaluate (-4 - (-14 - 5)) + (0 - (-3 + 0)) + -9.
9
(-50 - (12 + (-16 - 26))) + 0 + -7
-27
Calculate 5 + (5 + -1 - 2 - (-90 + (-42 - -102))).
37
6 + -18 - 2 - (37 - 50)
-1
What is the value of (2 - -44 - -4) + (33 - 53)?
30
Evaluate (-11 - -154) + (889 - 1171).
-139
Evaluate (5 - 2) + -50 + (-23 - -12) + -23.
-81
Calculate 37 - 95 - -40 - -62.
44
What is (22 - (-16 - -55) - -70) + (4 - -1)?
58
Evaluate (-12 + 4 + 3 - (49 + -23 + -41)) + 99.
109
(2 - -14) + -83 + (-6 - -12) + -7
-68
What is the value of (10 - (-22 - (-11 - -39))) + (-1 - -15)?
74
What is the value of 3 - 0 - (9 + -6 + -22 - 2)?
24
What is the value of (44 + -101 - -12) + (-26 - -4)?
-67
Calculate -656 - -644 - (4 + 3).
-19
Evaluate 2 + 111 + 1 + -2 + (179 + 11 - 199).
103
2 - -1 - 3 - (-1181 + 1174) - (62 + -1)
-54
Calculate 12 - ((2 - 1) + 65 + 1 + -150 + 145).
-50
(-182 - -175) + -15 + 0 + (-3 - -3)
-22
14 + 3 - -3 - ((-15 - (7 + -38)) + -27)
31
What is (-23 - 0) + -6 - -3 - (-1 - 4)?
-21
Evaluate 28 - (-30 - (33 - 74)).
17
13 + (-30 - (-17 + 32) - 1)
-33
Evaluate -1 + (66 + (3 - 4) - (-80 + 76)).
68
Calculate (-69054 - -69111) + -1 + 0 + -14.
42
What is the value of -125 - (6 + (-5 - -8) + 24 + -41 + -5)?
-112
Evaluate (-2 + 3 - 2) + -92 + -322 + 317.
-98
Calculate (1 - -43) + (-2878 - -2866).
32
Evaluate (50 - 0) + -3 + (3 - 11) + (42 - 28).
53
What is 44 - (33 - -162 - 98)?
-53
What is the value of -13 + 0 - ((-12 - -14 - -25) + -4)?
-36
What is the value of 35 + 0 + -8 + -2?
25
Calculate 0 + -3 + -18 - (-10650 + 10618).
11
What is the value of -62 + -12 + -729 + 748?
-55
-41 - (-98 + 46 + -54)
65
What is the value of 15 - ((5 - (28 + -12)) + -18)?
44
99 + -10 + 67 + -109
47
(32 - -9) + (25 - 20 - -2)
48
What is the value of -67 - (-2 + -2 - (48 - 22 - 17))?
-54
What is (7 - -7) + (-35 - -61) + -10?
30
14 + (3 - (16 + (4 - 11))) - (65 - -2)
-59
What is (-10 - 1) + 291 + -326 + (2 - -33)?
-11
What is 41 - (-1 + -20 + 15 + (-18 - -11))?
54
What is the value of (-23 - (-54 + 29) - (3 + 1)) + 13?
11
What is the value of 40 + (-25 - -9 - 21) + 8?
11
Calculate -3 - (-28 - -25) - -17 - (2 - -65).
-50
Calculate -25 + 19 - (4 + -1 + -3) - -95 - 11.
78
Calculate (2 - -24) + 16 + (15 - 20) - (-30 - -36).
31
What is the value of 69 + (-39 - 21) + (0 - -7)?
16
-9 + 13 + 23 + 2 + 3
32
What is 9 - (-12 + -3 - 18 - -9)?
33
Evaluate 47 + (-25 - (-35 + 46)).
11
What is the value of (-10 - (1 + -38 - -25)) + (-11 - 1)?
-10
-12 - (5 + (-1 - 1) + 1 - (-116520 + 116675))
139
Evaluate (1009 - 992) + (3 + 3 + -3 - -85).
105
Evaluate -93 + 76 + (30 - (14 - 12)).
11
Evaluate 147 + -83 + 44 - 169.
-61
Calculate -6675 + 6693 - (2 + -97).
113
(-1 - -10) + (12 + 1 - (-45 + 196 + -98))
-31
Calculate 7 - (5 - (16 - 7) - ((-103 - -17) + -5)).
-80
Calculate (-1 - 44) + 0 - (-17 + 6 - (-8 + -4)).
-46
What is -11 + 11 + -7 - (-8 + 1 + 0 - 32)?
32
Calculate -5 - 1 - (17 - (19 - (-5 + 12))).
-11
What is the value of (-4 - (-37 + 91)) + 41?
-17
Calculate 51 - (-110 + 41 + 62).
58
(252 - (219 - -163)) + (-9 - (0 - -2))
-141
-60 + 78 - 23 - (32 + 3)
-40
Evaluate 2 + -10 + (6 - 6 - 0) + 5 + -5.
-8
What is 17 + -6 - (70 + 62 + -32)?
-89
Calculate -29 + 33 + -16 + -38 + 10.
-40
What is the value of 4 + 1 - (7 + (-56 - -56 - (-1 + 4)))?
1
-1 - -12 - 8 - (115 + 1 + -12 + -2)
-99
Evaluate -20 - (94 - (-35 + 245)).
96
Evaluate 22 + (16 - 60) + 12 + -22.
-32
13 + 47 + (-13 - -57) + -88
16
8 - (7 - -91) - (-29 - -1)
-62
What is the value of -55 + -3 + 10 + -10 + (-23 - -11)?
-70
(21 - (5 - -12)) + 15 + -27
-8
-30 + -38 + 3 + -7 + -1 + (14 - 10)
-69
Calculate 147 - (67 + 69) - (10 - -1).
0
Evaluate 12 + 63 + -28 + -11 - -16.
52
Evaluate 0 + (-2 - -4 - 0) - (57 - 167 - -157).
-45
What is the value of (2 - -7) + (-596 - -584) + 65?
62
Calculate -7 + (16 - (2 - ((4 + 3 - 10) + -1))).
3
Evaluate -8 - (21 - (-13 + 20 - 2)).
-24
2 + (-24 - ((2 - -11) + -153 + 140))
-22
Calculate 101 + ((0 - -6) + 10 - 13 - (-3 - -8)).
99
What is 78 + (-69 - (-53 + 119))?
-57
Evaluate -6 - (633 + -632 - (2 - 0 - 3)).
-8
What is the value of (-2 - -3) + (2 - -16) + 7 + 9?
35
Evaluate 41 + (-27 - -84) + -106.
-8
-41 + -6 + 4 - (0 + (12 - 20)) - 9
-44
27 - -114 - (18 + 51)
72
What is the value of (-126 - -150) + -25 - 37?
-38
What is the value of 55 + -142 + (23 - -24)?
-40
Evaluate -6 - (-15 - -15) - (-22 + -2).
18
Evaluate 16 + (-12 - (-79 - -23)).
60
Evaluate -102 - (-13 - 20) - -128.
59
What is the value of (8 - -68) + -13 + -48?
15
What is (23 - 13 - (-7 - (1 - 15))) + -41?
-38
What is 22 + -14 + 7 + 1 - 53?
-37
Calculate -57 - (-32 - 52) - 26.
1
(0 - -7) + -7 - (-5 + (-6 - -41))
-30
Evaluate 39 + -8 + 33 + -14 + 0.
50
What is the value of 9 + -24 + -2 + (-133 - -140)?
-10
Calculate (-4 - (-2 - 6) - 6 - (5 + -61)) + -7.
47
-20759 + 20910 + -281 + 0
-130
5 + 5 - (2 + -67 + (-122 - -124))
73
Evaluate (-20 - 20 - -40) + (10 - -29).
39
Evaluate (-7 - -2 - -4) + -4 + (-129 - (1 + -7)).
-128
Evaluate (-40016 - -40020) + 38 + (1 + -4 - (-5 + 3)).
41
Calculate -100 - (-53 - 4) - 41.
-84
Calculate 94 + -112 + 66 + 1 + (-3 - 1).
45
Evaluate 12 + -20 - -45 - (-22 - -18).
41
-28 + -4 + -5 + (-7 - -28)
-16
What is -66 + 68 - (-1 + -9)?
12
Evaluate -48 - (-19 + (-35 - 22)).
28
What is the value of (68 - 50) + -6 - (2 + -2 - (-30 + 3))?
-15
Calculate (124 + -12 - 49) + (1 - -21).
85
Evaluate -7 + 102 - (-119 - -115) - 29.
70
What is the value of 16 - 0 - (-529 - -530) - -26?
41
What is the value of -64 + 1 - (-27 + 8 - (-44 - -36))?
-52
Evaluate 226 + -72 + 5 - 49.
110
Evaluate (-7 - 12 - 1 - -45) + -29.
-4
((-31 - (0 - 6)) + -3 - (-4 + -7)) + 6
-11
Evaluate (-32 + -37 - -104) + 4.
39
What is the value of 24 + (-29 - 2 - (-310 + 314))?
-11
Evaluate 3 + (6 - (-3 - -6)) + (-10 - -35).
31
-73 + -15 - (-129 + 62)
-21
Evaluate -12 - (-4 + -21 + 27) - -40.
26
What is the value of -1 + (3 + -1 + -4 - 4) + (-328 - -348)?
13
What is -24 - (2 + 11 + -50) - 13?
0
What is (-10 + 32 + -12 + -17 - 8) + 49?
34
-52 - (-15 - ((-542 - -550) + (0 - 18)))
-47
What is the value of 31 + -43 + (-12 - 21)?
-45
What is the value of -12 + (7 - (-2 - -56) - (0 - -8 - 7))?
-60
What is (-26 - (3 + -2)) + -2973 + 2965?
-35
What is the value of 55 + -26 + -9 - -26?
46
What is -187 - -176 - (0 + 4) - -4?
-11
Calculate -2 + -28 + (95 - 96 - -3).
-28
What is -21 - (-10 + -17 + 53 - 27)?
-20
What is the value of -44 - (-22 + 74) - -76?
-20
Calculate 36 + 33 + -185 + -13 + (-3 - -20).
-112
-26 + -1 + 8 - (2 + 3 + (-24 - -9))
-9
Evaluate -1 + -70 - (5313 + -5402).
18
What is the value of -35 - -21 - ((6 + -3 - 143) + 6 + -17)?
137
What is (4 - 12) + (498 - 532) + -36 + -3?
-81
Evaluate 86 + -115 + -18 - ((-2 - 0) + -10).
-35
Calculate 152 - 134 - (18 + (-7 - -11)).
-4
What is the value of -18 - ((-6 + 9 - 2 - (8 + 4)) + 15)?
-22
What is the value of 103 - (77 - (-89 - -160))?
97
What is the value of (-34 + -59 - -86) + (9 - -2) + -1?
3
Calculate 18 - (-53 + 44 - (3 + (1 - 6))).
25
What is -21 + 28 + (51 - 53)?
5
Calculate (-44 - (5 + -15)) + 51.
17
What is the value of -4 + 4 + 11 + -11 + 2 + -79 + 39?
-38
Calculate (66 - (96 - 13)) + (104 - 6).
81
What is the value of -31 + 86 + -48 + (91 - 8)?
90
What is the value of 3 - 7 - 5 - ((-22 - (-14 - 2)) + 8)?
-11
What is (20 - 22) + -4 + 6 + -11 + -5?
-16
What is the value of 15 + 2 + -2 + (-1 - 24 - 41)?
-51
Calculate -11 - 86 - ((11 - 17) + -21).
-70
What is the value of (11 - (-3 - -22)) + -52 + 48 + (49 - 0)?
37
What is (36 - 27 - (13 - 5)) + 3 + 42?
46
What is 306 - (97 - (-85 - -25))?
149
Evaluat